 659 composite?
False
Is 303491 prime?
True
Is 19237 a composite number?
False
Is 878 a prime number?
False
Is 1164547 a prime number?
False
Is 207457 a prime number?
True
Is 3637 a composite number?
False
Is 31469 a composite number?
False
Is 77917 a composite number?
True
Is 256441 composite?
False
Is 10055 composite?
True
Is 9223 prime?
False
Is 14461 prime?
True
Is 2606519 a composite number?
False
Is 871945 composite?
True
Is 259837 a composite number?
False
Is 64871 composite?
False
Is 27703 composite?
True
Is 7627 a prime number?
False
Is 175361 composite?
False
Is 9901 a prime number?
True
Is 41729 a prime number?
True
Is 14281 a prime number?
True
Is 30001 composite?
True
Is 206699 a composite number?
False
Is 459209 a prime number?
True
Is 357361 composite?
True
Is 5582 a composite number?
True
Is 53107 a prime number?
False
Is 1246029 composite?
True
Is 309707 a prime number?
True
Is 16418 a composite number?
True
Is 13307 composite?
True
Is 9299 prime?
False
Is 64289 composite?
True
Is 30293 prime?
True
Is 42799 prime?
False
Is 815015 composite?
True
Is 91009 composite?
False
Is 200771 a composite number?
False
Is 51227 composite?
True
Is 957197 a prime number?
False
Is 1541 a composite number?
True
Is 29789 a prime number?
True
Is 10903 a prime number?
True
Is 113431 a prime number?
False
Is 77821 prime?
False
Is 24029 prime?
True
Is 19297 a prime number?
False
Is 79583 prime?
False
Is 208523 prime?
False
Is 16411 a composite number?
False
Is 2947 prime?
False
Is 24997 a composite number?
True
Is 442961 composite?
False
Is 209341 composite?
True
Is 1811 a prime number?
True
Is 59567 composite?
False
Is 417899 prime?
True
Is 179713 composite?
True
Is 28705 composite?
True
Is 1693 a prime number?
True
Is 449719 prime?
False
Is 301141 a prime number?
True
Is 544715 prime?
False
Is 357229 composite?
False
Is 1816511 a prime number?
True
Is 219433 composite?
False
Is 6239 composite?
True
Is 211 prime?
True
Is 17783 composite?
False
Is 7789 prime?
True
Is 55969 a prime number?
False
Is 1245467 a prime number?
False
Is 78865 a prime number?
False
Is 6119 a composite number?
True
Is 78697 prime?
True
Is 1188973 a prime number?
True
Is 3365 composite?
True
Is 649999 prime?
False
Is 29441 composite?
True
Is 541 a composite number?
False
Is 11521 a prime number?
False
Is 797 composite?
False
Is 323549 a composite number?
False
Is 3101 a composite number?
True
Is 3011 prime?
True
Is 20849 a prime number?
True
Is 2481259 composite?
True
Is 964097 prime?
True
Is 103081 composite?
True
Is 12571 a prime number?
False
Is 20861 a prime number?
False
Is 2566331 composite?
True
Is 8057 a prime number?
False
Is 42667 prime?
True
Is 324355 a composite number?
True
Is 7462057 a prime number?
True
Is 2329 prime?
False
Is 24951 a prime number?
False
Is 29269 a composite number?
False
Is 1343 a composite number?
True
Is 308459 prime?
False
Is 807 a prime number?
False
Is 118381 a prime number?
False
Is 5077 a composite number?
False
Is 31883 composite?
False
Is 228073 composite?
True
Is 145891 composite?
True
Is 410587 prime?
True
Is 23419 a prime number?
False
Is 586493 a prime number?
True
Is 807647 a composite number?
False
Is 662 prime?
False
Is 401507 a composite number?
False
Is 15893 a prime number?
False
Is 241369 composite?
True
Is 1765277 prime?
True
Is 1169873 composite?
False
Is 11467 prime?
True
Is 1125469 a composite number?
False
Is 55799 composite?
False
Is 72986 a composite number?
True
Is 629 prime?
False
Is 867381 composite?
True
Is 1176259 prime?
False
Is 8147 a composite number?
False
Is 14303 prime?
True
Is 152549 composite?
True
Is 9919133 composite?
True
Is 14963 prime?
False
Is 116237 a prime number?
False
Is 7131 a prime number?
False
Is 30529 a prime number?
True
Is 478189 prime?
True
Is 345481 prime?
False
Is 5147 a composite number?
False
Is 48673 a prime number?
True
Is 1623 composite?
True
Is 1537621 a prime number?
True
Is 12127 a prime number?
False
Is 17495 a prime number?
False
Is 4771 prime?
False
Is 29195 composite?
True
Is 354953 composite?
False
Is 9227 prime?
True
Is 37781 a prime number?
True
Is 109693 prime?
False
Is 170669 composite?
False
Is 100641 a composite number?
True
Is 43041 a prime number?
False
Is 1173709 prime?
True
Is 89467 a prime number?
False
Is 7217 a prime number?
False
Is 23059 a prime number?
True
Is 7679 a prime number?
False
Is 11341 a composite number?
True
Is 2129 prime?
True
Is 695539 a composite number?
True
Is 9613 a composite number?
False
Is 63647 a prime number?
True
Is 8609 prime?
True
Is 109001 a composite number?
False
Is 132413 composite?
True
Is 63929 prime?
True
Is 25161 composite?
True
Is 15259 prime?
True
Is 90781 a prime number?
False
Is 31469 prime?
True
Is 35863 prime?
True
Is 7561 composite?
False
Is 7717 a composite number?
False
Is 54187 prime?
False
Is 424921 a composite number?
True
Is 1624202 composite?
True
Is 7377 a prime number?
False
Is 124427 a composite number?
False
Is 589 a composite number?
True
Is 274517 a composite number?
False
Is 1086329 a prime number?
False
Is 167677 composite?
False
Is 16183 composite?
False
Is 21247 a prime number?
True
Is 3199 a composite number?
True
Is 26651 a prime number?
False
Is 7121 composite?
False
Is 109247 prime?
False
Is 4703 prime?
True
Is 83107 prime?
False
Is 304331 a composite number?
False
Is 7841 a prime number?
True
Is 224783 a composite number?
True
Is 63107 prime?
False
Is 24383 a composite number?
True
Is 3659 a composite number?
False
Is 30445 composite?
True
Is 160159 a composite number?
False
Is 14711 composite?
True
Is 26889 a prime number?
False
Is 1424558 prime?
False
Is 2941 prime?
False
Is 612481 a prime number?
True
Is 640555 a composite number?
True
Is 102217 a composite number?
False
Is 8353 composite?
False
Is 17807 prime?
True
Is 21139 a prime number?
True
Is 28687 composite?
False
Is 42953 prime?
True
Is 360803 prime?
True
Is 252139 composite?
False
Is 737 a prime number?
False
Is 7817 a prime number?
True
Is 6238 prime?
False
Is 35729 prime?
True
Is 32773 prime?
False
Is 1949 prime?
True
Is 186647 a prime number?
True
Is 11981 composite?
False
Is 16007 a prime number?
True
Is 116089 composite?
False
Is 40739 a composite number?
False
Is 62273 a prime number?
True
Is 62845 a prime number?
False
Is 361637 composite?
False
Is 259013 a composite number?
True
Is 45209 prime?
False
Is 970153 composite?
True
Is 1259 prime?
True
Is 5297 a composite number?
False
Is 43223 composite?
False
Is 9311 a prime number?
True
Is 125921 prime?
True
Is 79481 a prime number?
True
Is 30715 prime?
False
Is 48301 prime?
False
Is 614 a composite number?
True
Is 32327 composite?
False
Is 1777 a composite number?
False
Is 1142 a composite number?
True
Is 786815 a prime number?
False
Is 49961 prime?
False
Is 7909 composite?
True
Is 23 prime?
True
Is 11246 prime?
False
Is 1087 a prime number?
True
Is 535547 a prime number?
True
Is 4327 composite?
False
Is 100379 a prime number?
True
Is 1665229 prime?
False
Is 914 a prime number?
False
Is 6863 a prime number?
True
Is 68581 prime?
True
Is 78157 composite?
False
Is 82003 prime?
True
Is 9103 a prime number?
True
Is 314213 a prime number?
True
Is 672967 prime?
True
Is 16033 a prime number?
True
Is 557 composite?
False
Is 730943 a prime number?
True
Is 289129 a prime number?
True
Is 4091 a prime number?
True
Is 106853 prime?
True
Is 30373 composite?
True
Is 7997 prime?
False
Is 1883 prime?
False
Is 46409 a prime number?
False
Is 1217 a composite number?
False
Is 21767 prime?
True
Is 180655 composite?
True
Is 916943 composite?
True
Is 92551 prime?
True
Is 50207 a prime number?
True
Is 2153 composite?
False
Is 2051 a prime number?
False
Is 44521 prime?
False
Is 530971 prime?
False
Is 2298262 a composite number?
True
Is 3179387 prime?
True
Is 57221 a prime number?
True
Is 58051 composite?
True
Is 2116729 a prime number?
True
Is 54139 a composite number?
False
Is 83653 a composite number?
False
Is 3163 a composite number?
False
Is 1067 a prime number?
False
Is 287719 a composite number?
True
Is 168897 a prime number?
False
Is 11887 prime?
True
Is 8465 prime?
False
Is 170579 a prime number?
True
Is 18973 a composite number?
False
Is 101537 a composite number?
False
Is 5111 composite?